r**3 - 5*r**2 + 7*r - 19. List the prime factors of p(-7).
2, 3, 5
Let z = 16 + -35. Let q = z + 33. What are the prime factors of q?
2, 7
Let x be (-1)/(1/4*-2). Suppose x*s + 2*u = 24, -s + 4*u = 2*s - 36. Suppose 4*l - 5*l + s = 0. What are the prime factors of l?
2, 3
Let l be 20/(-50) + 324/10. Let u = -3 + l. What are the prime factors of u?
29
Let f(c) = c**3 - c**2 - c + 2. Let b be f(2). Let n = -14 + 22. Suppose -i + 2 = k - 5, i + n = b*k. What are the prime factors of i?
2
Suppose 5*u - 1771 = 3*z, -4*u = 13*z - 15*z - 1418. List the prime factors of u.
2, 89
Suppose -9 + 6 = -3*n. Suppose 10 = 3*x + n. Suppose -5*j - c = -75, -x*j - 2*j = 5*c - 55. List the prime factors of j.
2
Suppose -3*n + 1 = -218. What are the prime factors of n?
73
List the prime factors of (240/9)/(-5)*-6.
2
Suppose o - 5*j + 23 = 110, 242 = 3*o + 4*j. What are the prime factors of o?
2, 41
Let z(u) = -3*u + 1. Let x be z(-1). Suppose -23 = -4*n - 5*v + 11, -x*v - 63 = -5*n. List the prime factors of (-2)/n - (-268)/22.
2, 3
Let v(j) = 3*j**2 + 5*j + 1. Suppose 0 = -4*u + l - 12, 4*u + 7*l = 3*l - 32. List the prime factors of v(u).
29
Suppose 0 = -0*c - c + 4. Let r = 50 + -34. Suppose 4*t + c = r. What are the prime factors of t?
3
Let k(w) = 7*w**2 + 5*w + 16. What are the prime factors of k(-5)?
2, 83
Suppose -6*g = -2*g - 20. Suppose g*x = 2*x + 84. What are the prime factors of x?
2, 7
Let u(q) = -2*q - 8. Let c be u(-6). Let x be (c/2 - 0) + 2. Suppose 2*k + k - 24 = m, -3*m = -x*k + 27. List the prime factors of k.
3
Let a be (-6)/21 + (-2)/(-7). Suppose a = -3*q - 0*q. Suppose q = 3*n + 2*n - 15. What are the prime factors of n?
3
Suppose 0 = -0*f + f - 9. Suppose 6*m + 21 = f*m. List the prime factors of m.
7
Let c be (-3 - (-14)/4)*4. Let h be 193/13 + c/13. What are the prime factors of 0 - -1*(h - 2)?
13
Suppose 4*w = h - 20, 4*w - 26 = -3*h + 50. What are the prime factors of h?
2, 3
Suppose 5*x - 83 = 4*u + 212, -236 = -4*x + 3*u. List the prime factors of x.
59
Let f(l) = -l**3 + 6*l**2 + 2*l - 8. What are the prime factors of f(5)?
3
Let a(y) = -y**3 + 2*y**2 - 1. Let d be a(-1). Suppose -s + 12 = d. What are the prime factors of s?
2, 5
Suppose 22*h - 19*h = 351. List the prime factors of h.
3, 13
Let w = -35 - -51. Suppose 3*i = 5*i - w. What are the prime factors of i?
2
Suppose 14 = 4*d - 3*b, -2*d - b = 4 - 16. Let i be (-4)/(-14) + 19/7. Suppose -3*c - 5*t + 34 = i, -c + 7 = d*t. List the prime factors of c.
2, 3
Let n(r) = r**2 - r - 3. Suppose 4*j = 3*j + 2*l - 4, 0 = -j + 4*l - 2. Let k(d) = -d**2 - 6*d - 4. Let p be k(j). List the prime factors of n(p).
17
List the prime factors of 3/3 + -3 - -42.
2, 5
Let k = 4 - 0. Let t be k/(-12) + (-10)/(-3). Suppose 29 = 3*i + g, -t*i - 3*g + 31 = -g. List the prime factors of i.
3
Suppose -2*c + 13 = -4*l - 13, 0 = 5*c + l - 10. Let m be c - 0 - (-5 - -3). Suppose -m*o = 26 - 81. List the prime factors of o.
11
Suppose 2*o + 2*i - 67 = 13, -4*o - i = -145. List the prime factors of o.
5, 7
Let g be (-2 - 0) + -3 + 5. Suppose g = x - 3*x. Suppose 0*w - 2*w + 20 = x. What are the prime factors of w?
2, 5
Suppose -8*p + 3*p - 20 = 0. Let j(a) = -4 - a**2 + 2*a**2 + 23*a - 24*a. What are the prime factors of j(p)?
2
Let k(h) = -h**2 - 41*h + 36. List the prime factors of k(-33).
2, 3, 5
List the prime factors of -2*((-4677)/30 + (-2)/(-5)).
311
Let p(a) = a**2 + 1. Let h be p(-2). Let t = -3 + h. List the prime factors of t.
2
Let n be 58/(-6) + (-1)/3. Let z = 18 + n. List the prime factors of z.
2
Suppose 3*p + 3 = -3*z, 2*z = -p - 3*z - 5. Let x = 3 - p. List the prime factors of x.
3
Suppose -2*g + 0 - 4 = 0. Let i = g + 2. Suppose 4*z - 5*m - 46 = i, -4*z + 3*m + 34 = 4*m. What are the prime factors of z?
3
Suppose 0 = 7*x - 2*x - 60. Suppose -7*f = 3*y - 2*f + 29, 3*f + x = 0. List the prime factors of -4*-1*y/(-6).
2
Suppose 3*s - 61 = 4*l + 39, -s + 44 = 4*l. List the prime factors of s.
2, 3
Let k(y) be the second derivative of 11*y**5/20 - y**3/3 + y**2/2 - 2*y. Let x(n) = -n**2 - 18*n + 1. Let q be x(-18). List the prime factors of k(q).
2, 5
Suppose -4*c - 2*s = c - 23, 2*c = -2*s + 14. Suppose -x - 3*v = -2*x + 12, -c*x - v = -26. What are the prime factors of x?
3
Let i(a) = a**2 - 5*a + 3. List the prime factors of i(9).
3, 13
Suppose 5*p + 5*y = 8 - 38, 0 = -4*p - y - 27. Suppose 5*x = -15, l + 4*l = 5*x + 60. Let b = p + l. List the prime factors of b.
2
Let g(c) = -c**3 - 6*c**2 - 5*c - 8. Let b(u) = u**3 + 5*u**2 + 4*u + 7. Let m(h) = -5*b(h) - 4*g(h). Let a be m(0). Let y = 0 - a. List the prime factors of y.
3
Suppose 0 = -o - 4*u + 190 + 14, o - 203 = -3*u. List the prime factors of o.
2, 5
Let o(c) = c - 10. List the prime factors of o(12).
2
Let l = 210 + -74. What are the prime factors of l?
2, 17
Suppose 0 = 3*p - 2*p + 3*y + 30, 0 = y - 5. Let w be (-15)/(2 - (-93)/p). What are the prime factors of w/21 - (-4)/14?
11
Let t(a) = -2*a - 7. Let q = -12 + 7. List the prime factors of t(q).
3
Suppose 5*j + 3*u + 55 = 0, -4*u + 6 + 14 = 0. Suppose 4*o + 84 = -28. Let f = j - o. List the prime factors of f.
2, 7
Let x = 4 - -2. Suppose 0 = x*a - 4*a - 32. List the prime factors of a.
2
Let h(l) be the third derivative of -2*l**2 + 0*l + 1/6*l**3 - 1/6*l**4 + 1/120*l**6 + 0 + 1/20*l**5. List the prime factors of h(-3).
13
Let k(g) = 11 - 2*g**3 - g**3 - g + 4*g**3 - 9*g**2. Suppose -4*j = -3*z - 45, 5*j = 2*z + 5 + 46. What are the prime factors of k(j)?
2
Let a = 68 + 16. Suppose w - 5*c - 180 = -4*w, -2*w = c - a. List the prime factors of w.
2, 5
What are the prime factors of ((-21)/5)/(4/(-40))?
2, 3, 7
Suppose -m - v + 20 = -3*v, 0 = 3*m + 5*v - 16. List the prime factors of m.
2, 3
Let n = 8 - 11. Let j = 10 + n. What are the prime factors of 7*j/((-98)/(-24))?
2, 3
Suppose 2*x + 2*x = 0. Suppose 2*b + x*b = 12. List the prime factors of b.
2, 3
Let v = 216 - 126. List the prime factors of v.
2, 3, 5
Suppose -3 = -b - 1. List the prime factors of b.
2
What are the prime factors of 1/6 - 3883/(-66)?
59
Let h(k) = 2*k - 6. Suppose -2*f + 8 = -4*p, -2*f + 4 + 4 = -5*p. List the prime factors of h(f).
2
Suppose 0 = -2*r + 82 + 14. Suppose 2*p + 4*g + r = 5*p, 4*p = -2*g + 86. List the prime factors of p.
2, 5
Suppose -4*b = -0*b - 92. List the prime factors of b.
23
Let c = -12 + 14. List the prime factors of c.
2
Let m = 5 + -2. Suppose -m*l = -5*l + 4. Suppose 2*u - 45 = i, -l*u + 95 = 3*u + i. What are the prime factors of u?
2, 5
Suppose 3*s - 20 - 1 = 0. Suppose 3 = 2*w - s. Suppose -w*z + 3*z + 10 = 0. What are the prime factors of z?
5
Suppose 6*v = 10*v - 12. Suppose 0 = 3*u - 9 - v. Suppose -u*z + 20 = -20. List the prime factors of z.
2, 5
Let g = 26 + -11. List the prime factors of g.
3, 5
Suppose 10 = -2*p + 7*p. What are the prime factors of (-3 + 10 + -3)/p?
2
Let u(w) = -w - w**3 + 3*w**2 - 5*w**2 + 4 + w**2. What are the prime factors of u(0)?
2
Let v = 29 - -1. Suppose v = 3*b - b. List the prime factors of b.
3, 5
Let c = -19 + 35. List the prime factors of c.
2
Let w = -13 - -18. Suppose -2*b = w*k - 94, -2*k - 2*b + 25 = 3*b. List the prime factors of k.
2, 5
Let a = 0 + 6. Let g(q) = q + 0*q - 6 - 3 + 2*q. What are the prime factors of g(a)?
3
Let v be (-2)/10 - (-16)/5. Suppose -4*y = -5*i + 52, 5*i - 5*y + v*y - 46 = 0. List the prime factors of i.
2
Let i(x) = 5*x**2 + 2*x. Let m = -3 + 1. Let w be i(m). Let y = w + 1. What are the prime factors of y?
17
Suppose 0 = -2*a + 2*s + 2*s, s = -2*a + 15. Let j be (4/12)/(1/a). Suppose -j*p - 8 = 2*o + 2*p, -o - p = -1. List the prime factors of o.
2, 3
Suppose 3*g - i - 20 = 0, -4*i - 10 = -3*g - 5*i. Suppose 17 = g*d - 13. List the prime factors of d.
2, 3
Let g = 129 - 108. List the prime factors of g.
3, 7
Let c(t) be the first derivative of t**4/2 + t**3 - 3*t**2/2 + 1. What are the prime factors of c(2)?
2, 11
Suppose -3*r + 0*r = -9. Suppose -3*n + 3*v - 2*v = -105, 0 = r*n - 3*v - 111. List the prime factors of n.
2, 17
Let b(t) be the first derivative of -t**2/2 + 5*t - 1. What are the prime factors of b(-13)?
2, 3
Suppose -5*x + 36 = -3*x + n, -4*x + 4*n + 84 = 0. List the prime factors of x.
19
Let r = 0 - 7. Let f = r - -11. Let b(p) = -p**3 + 4*p**2 + 5. What are the prime factors of b(f)